{"id":314,"date":"2020-05-22T12:02:11","date_gmt":"2020-05-22T12:02:11","guid":{"rendered":"http:\/\/zrnatestrocnice.um.si\/?page_id=314"},"modified":"2020-05-22T12:21:16","modified_gmt":"2020-05-22T12:21:16","slug":"cilji-projekta","status":"publish","type":"page","link":"https:\/\/zrnatestrocnice.um.si\/?page_id=314","title":{"rendered":"Cilji projekta"},"content":{"rendered":"\n<p class=\"has-normal-font-size\"><strong>Splo\u0161ni cilji projekta so:<\/strong><\/p>\n\n\n\n<ul><li>uporabiti \u0161iroko bazo znanj in rezultatov akademskih, raziskovalnih in svetovalnih ustanov s podro\u010dja zrnatih stro\u010dnic in jih implementirati v prakso na slovenskih kmetijah,<\/li><li>izkoristiti prednosti, ki jih vklju\u010devanje zrnatih stro\u010dnic v kolobar omogo\u010da na kmetiji (du\u0161ik, organska masa\u2026),<\/li><li>izbolj\u0161ati in optimizirati posamezne agrotehni\u010dne ukrepe v pridelavi zrnatih stro\u010dnic in s tem pove\u010dati pridelek zrnja in surovih beljakovin na ha,<\/li><li>seznaniti in omogo\u010diti pridelovalcem vklju\u010devanje v certificirano shemo pridelave soje,<\/li><li>priporo\u010diti dobro kmetijsko prakso pri pridelavi zrnatih stro\u010dnic glede na na\u010din pridelave (ekolo\u0161ki, konvencionalni) ter druge talne in klimatske razmere,<\/li><li>predstaviti mo\u017enosti in na\u010dine termi\u010dne obdelave zrnatih stro\u010dnic na kmetijah,<\/li><li>izdelati parametre za dolo\u010danje primernosti termi\u010dno obdelanih zrnatih stro\u010dnic na kmetijah za vklju\u010devanje v krmne obroke,<\/li><li>na primerih sestave krmnih obrokov omogo\u010diti la\u017ejo vklju\u010devanje zrnatih stro\u010dnic na kmetijah,<\/li><li>pove\u010dati zanimanje pri zainteresirani javnosti (strokovnjaki, pridelovalci, \u0161tudentje, trgovci, kupci) za prehranske produkte iz zrnatih stro\u010dnic.<\/li><\/ul>\n\n\n\n<p class=\"has-normal-font-size\"><br><strong>Temeljni cilj projekta je:<\/strong><\/p>\n\n\n\n<p>pove\u010dati storilnost pridelave in predelave zrnatih stro\u010dnic pri so\u010dasnemu varstvu okolja, narave in potro\u0161nikov. Med zrnatimi stro\u010dnicami je cilj projekta izbolj\u0161ati dolo\u010dene, v praksi velikokrat pomanjkljivo obravnavane tehnolo\u0161ke ukrepe s strani pridelovalcev, jih prilagoditi sodobnemu na\u010dinu pridelave, pri upo\u0161tevanju vseh okoljevarstvenih standardov, ki bodo zagotavljali kakovosten in dovolj velik pridelek, primeren za predelavo tako za podro\u010dje zagotavljanja visoko kakovostne beljakovinske krme kot tudi gensko nespremenjen vir beljakovin za \u010dlove\u0161ko prehrano.<br>Z vklju\u010devanjem in optimiranjem agrotehni\u010dnih ukrepov soje, kot najbolj raz\u0161irjene stro\u010dnice v EU in Sloveniji, je cilj pridelati zrnje, ki bo izpolnjeval v Evropski uniji uveljavljeni standard (Danube soya), ki je podlaga za uporabo soje v izdelkih z dodano vrednostjo.<br>Vpeljali bomo dodelano tehnologijo pridelave visokega fi\u017eola v \u017ei\u010dnicah na hmelji\u0161\u010dih s ciljem trajnostne in okoljsko bolj\u0161e pridelave in stabilnega pridelka.<\/p>\n\n\n\n<p class=\"has-normal-font-size\"><strong>Pri\u010dakovane spremembe:<\/strong><\/p>\n\n\n\n<ul><li>pove\u010dan dele\u017e zrnatih stro\u010dnic v kolobarju,<\/li><li>ve\u010dja samooskrba z kakovostno gensko nespremenjeno beljakovinsko zrnato krmo,<\/li><li>zmanj\u0161anje \u0161tevila agrotehni\u010dnih ukrepov, ki vklju\u010dujejo kemi\u010dne FFS,<\/li><li>nabor ukrepov in znanj, ki bodo tudi v na\u0161ih razmerah omogo\u010dile kakovostno in ekonomi\u010dno pridelavo stro\u010dnic tako v ekolo\u0161ki kot konvencionalni pridelavi,<\/li><li>pove\u010dano zanimanje za vklju\u010devanje doma pridelanih zrnatih stro\u010dnic v krmne obroke,<\/li><li>pove\u010dano zanimanje za certificirane zrnate stro\u010dnice (brez GSO), ki omogo\u010dajo predelavo v produkte vi\u0161je kakovost,<\/li><li>pove\u010dan nabor znanj in ve\u0161\u010din pri strokovnjakih in pridelovalcih o uporabi zrnatih stro\u010dnicah,<\/li><li>pove\u010dana raznolikost ponudbe izdelkov iz zrnatih stro\u010dnic.<\/li><\/ul>\n","protected":false},"excerpt":{"rendered":"<p>Splo\u0161ni cilji projekta so: uporabiti \u0161iroko bazo znanj in rezultatov akademskih, raziskovalnih in svetovalnih ustanov s podro\u010dja zrnatih stro\u010dnic in jih implementirati v prakso na slovenskih kmetijah, izkoristiti prednosti, ki jih vklju\u010devanje zrnatih stro\u010dnic v kolobar omogo\u010da na kmetiji (du\u0161ik, organska masa\u2026),&hellip;<\/p>\n","protected":false},"author":2,"featured_media":0,"parent":0,"menu_order":0,"comment_status":"closed","ping_status":"closed","template":"","meta":{"_acf_changed":false,"footnotes":""},"acf":[],"_links":{"self":[{"href":"https:\/\/zrnatestrocnice.um.si\/index.php?rest_route=\/wp\/v2\/pages\/314"}],"collection":[{"href":"https:\/\/zrnatestrocnice.um.si\/index.php?rest_route=\/wp\/v2\/pages"}],"about":[{"href":"https:\/\/zrnatestrocnice.um.si\/index.php?rest_route=\/wp\/v2\/types\/page"}],"author":[{"embeddable":true,"href":"https:\/\/zrnatestrocnice.um.si\/index.php?rest_route=\/wp\/v2\/users\/2"}],"replies":[{"embeddable":true,"href":"https:\/\/zrnatestrocnice.um.si\/index.php?rest_route=%2Fwp%2Fv2%2Fcomments&post=314"}],"version-history":[{"count":3,"href":"https:\/\/zrnatestrocnice.um.si\/index.php?rest_route=\/wp\/v2\/pages\/314\/revisions"}],"predecessor-version":[{"id":325,"href":"https:\/\/zrnatestrocnice.um.si\/index.php?rest_route=\/wp\/v2\/pages\/314\/revisions\/325"}],"wp:attachment":[{"href":"https:\/\/zrnatestrocnice.um.si\/index.php?rest_route=%2Fwp%2Fv2%2Fmedia&parent=314"}],"curies":[{"name":"wp","href":"https:\/\/api.w.org\/{rel}","templated":true}]}}