{"id":363,"date":"2020-05-25T08:26:29","date_gmt":"2020-05-25T08:26:29","guid":{"rendered":"http:\/\/zrnatestrocnice.um.si\/?page_id=363"},"modified":"2020-11-04T13:51:27","modified_gmt":"2020-11-04T13:51:27","slug":"svetovalna-organizacija","status":"publish","type":"page","link":"https:\/\/zrnatestrocnice.um.si\/?page_id=363","title":{"rendered":"Svetovalna organizacija"},"content":{"rendered":"\n<p class=\"has-text-align-center has-background\" style=\"background-color:#b86104\"><strong>\u010cLAN PARTNERSTVA <br><\/strong><a rel=\"noreferrer noopener\" href=\"http:\/\/www.kmetijskizavod-nm.si\/\" target=\"_blank\">KGZS  \u2013 Zavod NM<\/a><\/p>\n\n\n\n<p>\u010clani partnerstva v EIP projektu doprina\u0161ajo ustrezne povezave med pridelovalci in raziskovalnimi organizacijami, na na\u010din, da pridelovalci lahko najdejo ustrezne odgovore na njihove pomanjkljivosti v pridelavi in dodelavi soje ter drugih zrnatih stro\u010dnic. V okviru EIP projekta bomo znanje, ki ga imajo raziskovalne in\u0161titucije prenesli v na\u0161e delovno okolje, na kmetije, ki si prizadevajo vklju\u010diti in ohraniti beljakovinske rastline na svojih poljih. Na ta na\u010din omogo\u010damo k skupnemu napredku za doseganje konkuren\u010dne pridelave nekaterih zrnatih stro\u010dnic in s tem dvigovanju u\u010dinkovitosti slovenskega kmetijstva. O izvajanju aktivnosti bomo na poljuden na\u010din oblikovali tehnolo\u0161ka navodila, da bodo razumljiva \u0161ir\u0161emu krogu pridelovalcev. V ta namen sodelujemo pri pisanju \u010dlankov in prispevkov za razli\u010dne medije, s prikazovanjem izvajanje projekta EIP in tako skrbimo, da preneseno znanje ne ostane samo na sodelujo\u010dih kmetijskih gospodarstvih, ampak se raz\u0161iri v kar se da \u0161irok prostor pridelovalcev zrnatih stro\u010dnic in kmetijskih svetovalcev.<\/p>\n","protected":false},"excerpt":{"rendered":"<p>\u010cLAN PARTNERSTVA KGZS \u2013 Zavod NM \u010clani partnerstva v EIP projektu doprina\u0161ajo ustrezne povezave med pridelovalci in raziskovalnimi organizacijami, na na\u010din, da pridelovalci lahko najdejo ustrezne odgovore na njihove pomanjkljivosti v pridelavi in dodelavi soje ter drugih zrnatih stro\u010dnic. V okviru EIP&hellip;<\/p>\n","protected":false},"author":2,"featured_media":0,"parent":0,"menu_order":0,"comment_status":"closed","ping_status":"closed","template":"","meta":{"_acf_changed":false,"footnotes":""},"acf":[],"_links":{"self":[{"href":"https:\/\/zrnatestrocnice.um.si\/index.php?rest_route=\/wp\/v2\/pages\/363"}],"collection":[{"href":"https:\/\/zrnatestrocnice.um.si\/index.php?rest_route=\/wp\/v2\/pages"}],"about":[{"href":"https:\/\/zrnatestrocnice.um.si\/index.php?rest_route=\/wp\/v2\/types\/page"}],"author":[{"embeddable":true,"href":"https:\/\/zrnatestrocnice.um.si\/index.php?rest_route=\/wp\/v2\/users\/2"}],"replies":[{"embeddable":true,"href":"https:\/\/zrnatestrocnice.um.si\/index.php?rest_route=%2Fwp%2Fv2%2Fcomments&post=363"}],"version-history":[{"count":5,"href":"https:\/\/zrnatestrocnice.um.si\/index.php?rest_route=\/wp\/v2\/pages\/363\/revisions"}],"predecessor-version":[{"id":654,"href":"https:\/\/zrnatestrocnice.um.si\/index.php?rest_route=\/wp\/v2\/pages\/363\/revisions\/654"}],"wp:attachment":[{"href":"https:\/\/zrnatestrocnice.um.si\/index.php?rest_route=%2Fwp%2Fv2%2Fmedia&parent=363"}],"curies":[{"name":"wp","href":"https:\/\/api.w.org\/{rel}","templated":true}]}}