{"id":388,"date":"2020-05-25T09:12:02","date_gmt":"2020-05-25T09:12:02","guid":{"rendered":"http:\/\/zrnatestrocnice.um.si\/?page_id=388"},"modified":"2020-05-25T10:27:07","modified_gmt":"2020-05-25T10:27:07","slug":"delovni-sklopi-projekta","status":"publish","type":"page","link":"https:\/\/zrnatestrocnice.um.si\/?page_id=388","title":{"rendered":"Delovni sklopi projekta"},"content":{"rendered":"\n<p>Vsebina projekta s pri\u010dakovanimi rezultati uvaja dolo\u010dene re\u0161itve v pridelovalni praksi zrnatih stro\u010dnic, ki so delno \u017ee poznane na podlagi rezultatov razli\u010dnih \u017ee kon\u010danih projektov vklju\u010denih partnerjev, vendar, \u0161e niso bile celovito preizku\u0161ene v pridelavi na kmetijskih gospodarstvih ali lastnih izku\u0161enj vklju\u010denih KMG, ki se z manj\u0161imi prilagoditvami lahko vklju\u010dijo v agrotehniko pridelave. <strong>Uvajanje pridelave zrnatih stro\u010dnic se zastavlja celovito, z vklju\u010devanjem vseh ravni pridelave, predelave in uporabe, kar je za doseganje enega izmed glavnih ciljev oz. pri\u010dakovanih u\u010dinkov projekta, to je pove\u010danje dele\u017ea zrnatih stro\u010dnic v setveni strukturi na\u0161ih KMG, klju\u010dno. <\/strong><\/p>\n\n\n\n<p style=\"background-color:#c4a105\" class=\"has-text-color has-background has-text-align-center has-very-dark-gray-color\"><strong>Delo je v projektu zastavljamo v treh razli\u010dnih delovnih sklopih, ki so med seboj povezani:<\/strong><br>-DS 1: Optimizacija tehnologij pridelave<br>-DS 2: Presku\u0161anje tehnologij toplotne obdelava soje\/sojinih poga\u010d in krmljenje \u017eivalim<br>-DS 3: Zrnate stro\u010dnice v \u010dlove\u0161ki prehrani.<\/p>\n","protected":false},"excerpt":{"rendered":"<p>Vsebina projekta s pri\u010dakovanimi rezultati uvaja dolo\u010dene re\u0161itve v pridelovalni praksi zrnatih stro\u010dnic, ki so delno \u017ee poznane na podlagi rezultatov razli\u010dnih \u017ee kon\u010danih projektov vklju\u010denih partnerjev, vendar, \u0161e niso bile celovito preizku\u0161ene v pridelavi na kmetijskih gospodarstvih ali lastnih izku\u0161enj vklju\u010denih&hellip;<\/p>\n","protected":false},"author":2,"featured_media":0,"parent":0,"menu_order":0,"comment_status":"closed","ping_status":"closed","template":"","meta":{"_acf_changed":false,"footnotes":""},"acf":[],"_links":{"self":[{"href":"https:\/\/zrnatestrocnice.um.si\/index.php?rest_route=\/wp\/v2\/pages\/388"}],"collection":[{"href":"https:\/\/zrnatestrocnice.um.si\/index.php?rest_route=\/wp\/v2\/pages"}],"about":[{"href":"https:\/\/zrnatestrocnice.um.si\/index.php?rest_route=\/wp\/v2\/types\/page"}],"author":[{"embeddable":true,"href":"https:\/\/zrnatestrocnice.um.si\/index.php?rest_route=\/wp\/v2\/users\/2"}],"replies":[{"embeddable":true,"href":"https:\/\/zrnatestrocnice.um.si\/index.php?rest_route=%2Fwp%2Fv2%2Fcomments&post=388"}],"version-history":[{"count":6,"href":"https:\/\/zrnatestrocnice.um.si\/index.php?rest_route=\/wp\/v2\/pages\/388\/revisions"}],"predecessor-version":[{"id":417,"href":"https:\/\/zrnatestrocnice.um.si\/index.php?rest_route=\/wp\/v2\/pages\/388\/revisions\/417"}],"wp:attachment":[{"href":"https:\/\/zrnatestrocnice.um.si\/index.php?rest_route=%2Fwp%2Fv2%2Fmedia&parent=388"}],"curies":[{"name":"wp","href":"https:\/\/api.w.org\/{rel}","templated":true}]}}